e
Let i be (20*3/36)/((-1)/(-6)). Suppose -4*l + 10 + i = 0. Suppose 2*y + 2*m = 248 + 870, -2777 = -l*y + 4*m. Is y a composite number?
False
Suppose d = 2*u + 15, -6*d = -2*d + u - 96. Let i(x) = -71*x + 22*x - d + 6*x. Is i(-18) composite?
False
Suppose -l + 5 = 0, 3*a = 8*a - 2*l + 10. Suppose 2*g = 3*c + 1248 - 278, a = 3*c - 4*g + 980. Let i = 309 - c. Is i composite?
True
Let t = -2677 + 9056. Suppose 2*g + t = -15*d + 16*d, 0 = -4*d - 5*g + 25555. Is d a composite number?
True
Let k(d) = 5*d + 53. Let l be k(-10). Let w be -1 + (-1 - -4) + l. Suppose n + 708 = w*n. Is n a prime number?
False
Suppose -8448*j = -8452*j + 635372. Is j a prime number?
True
Suppose -5*z - 6*l + 167273 = 0, 6*z - 133834 = 2*z + 3*l. Is z composite?
False
Suppose -792 = -2*w - 2*g, 18*w - 17*w - 411 = -4*g. Let q = 4648 + w. Is q composite?
False
Is (-2 - (-26 + 52)*(-1)/(-6))*-42213 a composite number?
True
Let v(f) = -3*f**2 - 22*f - 13. Let c be v(21). Let x = -819 - c. Is x composite?
True
Let z(l) = 52*l**2 + 21*l + 88. Is z(-9) a prime number?
True
Let w(j) = 10*j**2 + 10*j - 6. Suppose -15 = 3*o + 33. Let y(v) = v + 11. Let c be y(o). Is w(c) prime?
False
Let w be (-42)/(-9) - 6/9. Suppose 0 = 2*r + w*i - 48, 5*i = 3*i + 2. Is 29616/r - (-4)/(-22) a composite number?
True
Let n(f) = -11*f + 2. Let l be n(0). Is 3 - (l + 1 + -1753) a composite number?
False
Suppose 19*g = -2*y + 16*g + 8, 4*y + 4*g = 16. Is y/((-96)/(-13074))*4 prime?
True
Suppose -i + 4 = 2*q - 6, -3*i = 4*q - 20. Suppose -q*t + 14647 + 8055 = 2*z, 4*t - 34053 = -3*z. Is z prime?
True
Let j(o) = 2*o**2 - 4*o + 2. Let u be j(2). Let k(t) = t + 1. Let y(n) = -45*n + 13. Let s(z) = 4*k(z) - y(z). Is s(u) prime?
True
Let a be 19444/10*5/(-10)*-5. Let r = a + 436. Is r composite?
False
Let j = 3287 + -1407. Suppose 171 = d - 5*x - 193, -5*x - j = -5*d. Is d prime?
True
Let k(l) = 1196*l**3 - l**2 + 44*l - 1. Is k(6) a prime number?
True
Let v(f) = -f - 1. Let j(g) = 22*g**2 + 17*g - 42. Let l(r) = j(r) - 4*v(r). Let d(u) be the first derivative of l(u). Is d(15) a prime number?
False
Let s = -71 + 759. Suppose -s = -2*c + 3*h + 4207, -2*h - 7335 = -3*c. Is c a prime number?
False
Let f be (2/(-1))/((-33)/8 + 4). Suppose -8*z + 4*z + f = 0. Suppose -g = z*g - 1475. Is g a composite number?
True
Let n(s) = -12*s**3 + 2*s**2 - 11*s + 9383. Let t(m) = -7*m**3 + m**2 - 6*m + 4691. Let z(f) = 3*n(f) - 5*t(f). Is z(0) composite?
True
Let j(f) = 251*f - 11. Let w be j(6). Suppose w = 3*o - 1661. Suppose g - 2*t = t + 263, -3*t - o = -4*g. Is g a prime number?
True
Is 105090/69 + 121/(-2783) prime?
True
Suppose 4*b = 3*t - 17057 + 2964, -5*b + 3*t - 17617 = 0. Let f = b - -5325. Is f a prime number?
True
Let q = -20602 + 35807. Is q + -7 + -2 + -5 a composite number?
True
Is (4/(32/221982))/((-1131)/(-1508)) a composite number?
False
Let f(v) = 522*v**2 + v - 11. Let h be f(7). Let b = h + -18171. Let j = -4366 + b. Is j a composite number?
False
Suppose 21*i = i + 40. Suppose 3*k - 2*b = 18374 + 17743, 0 = i*k + 5*b - 24059. Is k composite?
False
Let o(x) = 2231*x - 1186. Is o(9) a composite number?
True
Suppose -8 + 34 = 3*i + 5*s, -3*i = 3*s - 18. Is (-15)/(-10) + 1/(i/6095) prime?
True
Let p be (8 - 8)/(0 - (5 - 2)). Suppose 5*g + 6131 = 3*s + 6*g, p = -3*s - 2*g + 6127. Is s composite?
True
Let f = -224 + 478. Let p = -216 + f. Is p a composite number?
True
Let t(c) = 4*c - 28. Let u be t(8). Suppose u*b - 11 = -3*o, 5*o - 11 = b - 31. Suppose -b*m - 307 = -6*m. Is m a composite number?
False
Suppose 5*v - 9 = 31. Suppose g - 3*u - 2 + v = 0, -g + 2*u - 3 = 0. Is g + 6/(-1) + 412 a prime number?
True
Let p(n) = -40*n**3 - 29*n**2 - 18*n + 61. Is p(-18) prime?
False
Let l be (9/5 + -1)/((-17)/170). Is 1 - 1 - (l - (0 + 701)) a composite number?
False
Suppose -187*k + 18635834 - 2729427 = 0. Is k a prime number?
True
Suppose -4 = -12*j + 10*j. Suppose -5*f = j*f - 42. Suppose f*l + 3076 = 10630. Is l a prime number?
True
Let r = 142164 + -99031. Is r composite?
False
Let b(v) = 67*v + 24. Let z be b(6). Suppose 5*d = 3*d - z. Let n = 302 + d. Is n a prime number?
True
Let d = -4345 - -7908. Is d composite?
True
Suppose -16*m - 9*m - 4*m + 3516395 = 0. Is m a prime number?
False
Let g = 528 + -512. Suppose g*u = 5*u + 64669. Is u prime?
True
Let y = -154 + 152. Is ((-92373)/(-82))/(y/(-4)*1) a composite number?
True
Suppose -2*s = -3*k + 3354, -4315 = 3*s + k + 738. Let z = 2650 + s. Is z prime?
True
Is 9 + (20 - -486793 - -11) a prime number?
True
Let p(q) = -q**2 + 20*q - 84. Let n be p(10). Suppose -18*b + n*b + 5846 = 0. Is b composite?
True
Let c = -510 - -513. Suppose -4*w + 1775 + 1083 = -2*s, w + c*s - 704 = 0. Is w prime?
False
Let a be (-6)/(-4) + 75*5/30. Let m be (-860)/(-6) + a/21. Let l = -5 + m. Is l composite?
False
Let g = 342 + 86. Let d = g + -73. Is d composite?
True
Let k = -249 - -243. Is (-3129)/k*2/1*1 a composite number?
True
Suppose -5*i - 5 = 4*j, 5*i - j = 25 - 5. Suppose 6 = -2*u, 48820 = i*k + 5*u + 8602. Is k a prime number?
True
Let m(s) = 28321*s + 241. Is m(6) composite?
False
Let b = 39 - 30. Let w(v) = b*v**2 - 4 + v - 12*v**2 - 3 + 10*v**2. Is w(-9) a prime number?
False
Let t = 478925 - 83328. Is t a composite number?
False
Suppose -37*w = -628 - 38. Suppose 0 = 14*n - w*n + 54212. Is n prime?
True
Let n(c) = 43*c**2 + 9*c**2 - 4 - 4 + 0*c**2 + 15*c. Is n(5) composite?
False
Let q be (-4916)/((-1)/(-4)*(13 + -15)). Let t = 15021 - q. Is t composite?
False
Let l(n) = 53*n**2 - 4*n - 7. Let u be l(-5). Suppose -h = -2*h + j + u, 4*h - 5*j = 5356. Suppose 1340 = 3*p + 2*p + 5*b, 3*b - h = -5*p. Is p composite?
True
Let w(v) = 417*v**2 - 6*v + 5. Let o = 63 - 62. Let s be w(o). Suppose 0*r - r + s = 3*f, 3*f = -3*r + 1230. Is r prime?
False
Let u = 345 + -349. Suppose 5 = -2*d + 1. Is (-1 + u/d)/(8/14584) composite?
False
Let m = 33 - 31. Suppose m*z - 5*f = 21, 5*z - f - 27 = 3*f. Suppose -2*t + 4*n = -1058, -t + 6*n + 526 = z*n. Is t prime?
False
Let u(g) = -g**3 - 14*g**2 - 16*g + 13. Let k be u(-13). Let r = 609 + -621. Is k/78 + (-86)/r*410 composite?
False
Suppose 0 = 10*u + 1773 - 5733. Let j = u - -273. Is j a composite number?
True
Suppose 5202 = -3*d - 17*l + 13*l, -3*d + 2*l - 5202 = 0. Let i = 6427 - d. Is i a prime number?
True
Let y = 92992 - 29359. Is y a prime number?
False
Let c(r) = -118 + 71*r + 116*r + 10*r - 52*r + 221*r. Is c(4) composite?
True
Let k(u) = -24*u - 9. Let l(g) = 121*g + 45. Let h be -22*1/(1*(-3 + 2)). Let v(a) = h*k(a) + 4*l(a). Is v(-8) a composite number?
True
Suppose -4*t = -5*h + 26, 8*t - 3*t + 20 = 0. Suppose -5*l + l + 1330 = h*o, -l + 319 = -4*o. Is l a composite number?
False
Let c(u) = 224*u + 91. Let f be c(-7). Is (-1)/6 - (f/42 + 12) a prime number?
True
Suppose -21*t - 2*t + 2*t + 146139 = 0. Is t prime?
True
Let i be (16/12)/(4/15). Suppose p + 1 = 4*n - 4*p, i*n + 2*p = -40. Is -5*-314*(-3)/n a prime number?
False
Let k(h) = -235*h**3 + 6*h**2 + 86*h + 511. Is k(-8) a composite number?
True
Suppose -130*a + 11115 = -133*a. Let b be -20*(2 + -3 - -128). Let w = b - a. Is w prime?
False
Let j(v) = 2*v**3 - 4*v**2 - 16*v + 9. Let o(l) be the third derivative of -l**5/60 - 7*l**4/24 - l**3 + 8*l**2. Let h be o(-4). Is j(h) a prime number?
False
Is 347969 - ((-40)/20 - -17) a prime number?
False
Let f = 64206 - 8089. Is f prime?
False
Let q(n) = 60*n**2 + 13*n - 1991. Is q(-36) a prime number?
False
Let u(w) = -2043*w**3 + 15*w**2 + 2*w + 9. Is u(-2) composite?
True
Let j be 4/6 + 55/(-15) + 3. Is (-1 + 4 - 1850)*(j - 1) prime?
True
Let r be -9*(6 + -5)/(0 + -1). Suppose -k + r = -4*f, f - 2 + 28 = 5*k. Suppose 3*o + 629 = 5*j - 3*j, 2*o = k*j - 1545. Is j prime?
True
Let m(t) = -5507*t + 61. Let z(f) = 1835*f - 20. Let k(u) = -3*m(u) - 8*z(u). Is k(2) prime?
True
Let q = -1971 - -4607. Suppose -22*c + 62 + 4 = 0. Is (q/12 - -5)/(2/c) composite?
False
Let z = 962612 - 640665. Is z a prime number?
True
Let m be (-11)/110 + (-20858)/20. Let w = m - -2606. Is w prime?
False
Let v = -1 - -3. Suppose -v*l + 0*l = 822. Let q = l - -598. Is q composite?
True
Suppose -5*f - 11 = 3*w - f, 4*w + 13 = -5*f. Is ((-5884)/20)/(w/(-15)) prime?
True
Let u = 48 + -39. Is (2722/(-8))/((u/(-36))/1) a composite number?
False
Suppo